 12/(-30))/(-1). Suppose -5*p = -z + 1323, -p = 4*z - x*p - 5376. Is z a prime number?
False
Suppose -14*j + 13*j + 40 = 0. Let q = j + 15. Is q composite?
True
Let f(k) = -178*k**3 + 4*k**2 + k + 16. Is f(-7) a composite number?
True
Let y(a) = a**3 - 4*a**2 - 3*a - 6. Let t be y(5). Suppose 0 = -5*o + t*o + 115. Is o a prime number?
False
Is (-18)/9*88403/(-14) composite?
True
Let p = 10625 + -6208. Is p prime?
False
Let m(b) = 21*b**2 - 4*b + 8. Let j be m(-8). Let r = j + -952. Suppose -x + 601 = 4*f, -3*x - r = -3*f - 0*x. Is f prime?
True
Let l be (-3219)/(-9) - (-10)/(-15). Is 6*(-1 - l/(-18)) composite?
False
Let w = -39 - -134. Is w composite?
True
Let o = -4014 + 14653. Is o a composite number?
False
Let x(k) = k**2 - 10*k + 3. Let s be x(9). Is (s - 20/(-5)) + 261 a prime number?
False
Suppose 4*z - 375 = 21. Suppose -159 = -3*g + v, -3*v - z = -g - g. Let i = g - 21. Is i a prime number?
False
Suppose -57*o + 1642 = -55*o. Is o a composite number?
False
Suppose -4*r = -15*r + 14971. Is r composite?
False
Let w = -25 - -20. Is (-2)/w - 8778/(-30) composite?
False
Suppose 0 = -3*a + 5*t + 36586, 4*a + 48733 = 8*a + 3*t. Is a a composite number?
True
Let i = -13 + 29. Suppose 4*b = h - 4, -6*h + 2*h + i = 0. Suppose 5*z - 25 = b, v - 4*z - 5 - 12 = 0. Is v a composite number?
False
Let q = 418 + -211. Let b be 1/(1/((-6)/(-2))). Suppose 0 = m - b, i + m = -3*i + q. Is i a prime number?
False
Let r(w) = -w**3 + 8*w**2 + 3*w. Let u be r(6). Suppose -6*b = -4*b - u. Suppose -16*h + 19*h = b. Is h prime?
False
Let s(g) = 16*g**2 + 68*g - 9. Is s(30) composite?
True
Let n = -19234 + 33197. Is n prime?
True
Suppose b + 0*b = 391. Suppose 6*x = 8*x + 124. Let t = x + b. Is t a prime number?
False
Suppose -25 = -2*g - 3*g. Let p be g/(5/372) + 1. Suppose 87 = 4*o - p. Is o a prime number?
False
Suppose 3*s = 2*s - 19. Let c = -17 - s. Suppose -7*b - 3*f = -c*b - 2350, 3*f = 2*b - 919. Is b prime?
True
Let c = 344361 + -198418. Is c a composite number?
True
Suppose -2*k - 2*t = -6636, -5*k + 0*t = -2*t - 16562. Let q = k - 2265. Is q prime?
True
Let j = 5362 + 1505. Suppose -3*z = -5*b - 0*b + 11477, 3*b = -3*z + j. Is b a composite number?
False
Let q(k) = -2*k**2 + k + 13. Let p be q(0). Let i = p - 10. Suppose -2*s - 4*g + 18 = 0, 0 = s + 4*s + i*g - 59. Is s composite?
False
Let w = -1064 + 3425. Suppose 5*z - 8*z = -w. Is z prime?
True
Suppose 4*v - 5904 = -5*l, -l + 5888 = -3*v + 7*v. Is v composite?
False
Is 1/7 - (96964/(-49) - -6) prime?
True
Let i be 0/3 + -2 - (-24)/(-3). Is (-1864)/20*4/(16/i) a composite number?
False
Suppose -b - 3*a = -84050 - 6437, 6 = 3*a. Is b composite?
False
Let j = 69 + -66. Suppose -5*p = f - 384, 2 = -j*p - 13. Is f a prime number?
True
Suppose -46*h = -53*h + 100051. Is h a composite number?
False
Suppose -26 = -5*n + 29. Suppose 0 = n*p - 14*p + 4194. Is p/(-4)*(-16)/24 prime?
True
Let r be (80/50)/(4/30). Suppose -1260 = 14*q - r*q. Is 3 + q/(-5) + 4 a prime number?
False
Suppose -2*x - 2 = 3*b, -2*b = -0*b - 2*x - 12. Suppose b*o = -f + 2023 - 324, 5*f + 5*o - 8520 = 0. Is f a composite number?
False
Let k(o) = 11 + o + o - o - 22. Let p be k(13). Suppose -5*c - 4*z + 199 = 0, 2*z = 4 - p. Is c prime?
False
Let l = 382 - -1149. Is l prime?
True
Let f = -434 - -489. Is f a composite number?
True
Let r be ((-15)/4)/(15/(-40)). Suppose -r*y = -14*y + 24. Suppose -y = -2*f, 4*z = -0*z + 3*f + 67. Is z a composite number?
False
Let d = 33424 + -10589. Is d a prime number?
False
Let g be 8/8*1*5. Suppose -4*j - 5*s - 6 = 0, -5*j + 3*s = g*s - 1. Suppose 0 = -2*r + j - 3, 3*y - 250 = 4*r. Is y composite?
True
Let y(h) = -h + 5. Let d be y(3). Suppose d*z = -v + 356, 5*v + z - 1780 = -0*z. Suppose o - v = 15. Is o prime?
False
Let c(r) = r - 14. Let s be c(20). Suppose -s*k + 3*k = -3*t - 957, k + 5*t = 307. Is k a composite number?
False
Let j(h) = 174*h - 169*h + 1 - 9. Is j(19) prime?
False
Let o(m) = 2*m - 4. Let i be o(3). Let d be 2/(5/(15/i)). Suppose d*z - 2061 = -5*g, 264 = g - z - 145. Is g prime?
False
Suppose -5*u - 45338 = -15023. Let z = 1819 + u. Is ((-2)/4)/(2/z) prime?
True
Let y(q) = 3*q**3 - 52*q**2 - 10*q - 229. Is y(38) composite?
False
Is (-5418)/(-2) - (-4)/(-1) composite?
True
Let u(v) = v**3 + 7*v**2 + 7*v + 6. Let t = 5 - 11. Let y be u(t). Is y - (-1563)/3 - 0 a composite number?
False
Let b = -3 + 8. Suppose 15 = -b*d - 0. Let w(k) = 7*k**2 - 2*k - 2. Is w(d) a composite number?
False
Let z(h) be the third derivative of 91*h**5/60 + h**4/8 - h**3/2 + 9*h**2. Is z(-2) prime?
False
Let f = 1346 - 2213. Let g = f + 1816. Is g composite?
True
Suppose -4*b + 193*h = 194*h - 2760, 5*h - 20 = 0. Is b a composite number?
True
Is 1972 + 4/(3 + 1) a composite number?
False
Suppose -90*l + 22*l + 3108824 = 0. Is l a composite number?
True
Let i = 238 + 228. Let o = i - -183. Is o a composite number?
True
Let f = 22 + -6. Let o = f + -16. Suppose c + 4*c - 1115 = o. Is c composite?
False
Let q = -2655 - -3938. Is q composite?
False
Suppose -5*c + 4258 = 2*z + 33931, -5*c = -z + 29661. Let v = c - -9876. Is v composite?
False
Let c(w) = 11686*w - 121. Is c(2) prime?
True
Let r(f) = -f**2 - 4*f + 4. Let h be r(0). Suppose h*l = 1878 + 958. Is l a composite number?
False
Let g be 45/12 - 2*3/(-24). Suppose p + 0*p = 2*j + 877, 4*j - 3568 = -g*p. Is p prime?
True
Let h(c) = 2920*c + 63. Is h(12) a composite number?
True
Suppose -3*g + 15392 = h, 9*h - 8*h = -2*g + 15395. Is h a composite number?
False
Let l(r) = 4*r - 22. Let c be l(7). Suppose c*j = -114 + 636. Is j composite?
True
Suppose 3*s - 179 - 70 = 0. Suppose k - 5*j - s = 139, -5*j - 5 = 0. Is k a composite number?
True
Suppose 4*w = 2*f - 58, 3*f - w = -3*w + 55. Suppose 0 = -20*m + f*m - 1361. Is m prime?
True
Let d = 2724 + 833. Is d composite?
False
Is 43457*((-143)/13 + 12) prime?
True
Suppose -9048 - 26056 = -4*g + 5*y, -3*g - 3*y + 26355 = 0. Is g a prime number?
False
Let z(n) = -5*n**3 - 3*n**2 + 2*n - 5. Suppose 30 + 26 = 4*k. Let w = k - 20. Is z(w) a prime number?
False
Let y(u) = 22*u**2 - 3*u**2 + 1 + 16 + 12*u - 4. Is y(6) a prime number?
True
Let l = -22416 - -38707. Is l a prime number?
False
Suppose 4*g - 5 = 4*q + 3, -g + 4*q - 1 = 0. Suppose x - 265 = w, 530 = x + x - g*w. Is x a composite number?
True
Let f(i) = 20*i + 3. Let d be (-4)/(-10) - 48/(-5). Is f(d) composite?
True
Let g(l) = 5*l + l + 8 + 0*l + 5*l. Let r be g(6). Let k = r - 21. Is k prime?
True
Let y(c) = 3*c**2 + 5*c - 14. Let u(n) = -2*n**2 - 5*n + 14. Let l(t) = 5*u(t) + 4*y(t). Let h be l(6). Suppose h + 734 = 2*p. Is p prime?
False
Let w(o) = -o - 7 + 3*o + 0*o + 17*o. Is w(8) a composite number?
True
Let u = -19812 + 44531. Is u prime?
False
Let m be (-6)/21 + 60/14. Suppose 2*a + 959 = 3*l, m*l - 1431 = a - 159. Is l prime?
True
Is (4 - (-84)/(-20))*-654785 prime?
True
Suppose -31*l - 9947 + 75946 = 0. Is l a prime number?
True
Let i(n) = -5*n**2 - 2*n**2 - 155 - 6*n + 8*n**2. Let r(t) = -t - 1. Let l(m) = -i(m) + 6*r(m). Is l(0) composite?
False
Is (2 - 9518/8)/(52/(-208)) a prime number?
True
Suppose 8*w = 2*w - 9624. Is (w/(-12))/(5/15) prime?
True
Let a = 3798 + -232. Suppose 0 = 5*s - a + 1111. Let b = s + 272. Is b prime?
False
Suppose -37602 = -12*t - 2382. Is t a composite number?
True
Let f be (-2 + 5 - 2)*5301. Let x be (55/22)/((-1)/(-2) - 0). Suppose -2*t + f = 5*c, -x*c - t + 1520 + 3783 = 0. Is c composite?
False
Is (-2)/(-14) - 503060/(-14) a prime number?
True
Let x(k) = -48*k. Let j be x(-6). Let n be (-5)/(-1 - j/(-291)). Suppose 6*l = l + n. Is l a composite number?
False
Let d = 15 + -13. Suppose 3*c = d*c + 737. Is c prime?
False
Let z(j) = -96*j + 185. Is z(-6) a composite number?
False
Suppose 4*y + 13067 = l, 5*l - 2*y - 34892 = 30443. Is l a composite number?
True
Let n(o) = o**2 + 3*o - 17. Let t be n(-6). Let a(h) = 259*h**3 + h**2 - 1. Is a(t) composite?
True
Suppose -g + 5*m + 7588 = 0, 5*g + 4*m - 38030 = -m. Is g composite?
False
Suppose 3*q = 2*q + p - 1, p - 1 = 0. Is (234/4 - q) + 2/4 prime?
True
Let j(s) = -s**2 - 2*s**3 - 3*s + s + 4 - s**2 + 5*s**2. Is j(-3) a prime number?
False
Suppose -12*x = 2314 - 86062. Is x a prime number?
False
Suppose 11 = 3*m - 4. Let w(d) = d**2 - 4*d - 49. Let i be w(15). Sup